{"id":507,"date":"2023-03-14T13:30:13","date_gmt":"2023-03-14T09:30:13","guid":{"rendered":"http:\/\/tipanierdeshauts.re\/?post_type=product&#038;p=507"},"modified":"2024-02-22T14:52:42","modified_gmt":"2024-02-22T10:52:42","slug":"pomme-granny","status":"publish","type":"product","link":"https:\/\/tipanierdeshauts.re\/index.php\/product\/pomme-granny\/","title":{"rendered":"Pomme Granny"},"content":{"rendered":"<p>La pomme Granny est une vari\u00e9t\u00e9 de pomme acidul\u00e9e et croquante \u00e0 la peau vert vif. Pauvre en calories, la pomme Granny Smith n\u2019en est pas moins tr\u00e8s dense d\u2019un point de vue nutritionnel. Elle poss\u00e8de un fort pouvoir antioxydant et est une source particuli\u00e8rement int\u00e9ressante de fibres alimentaires. Il faut aussi souligner sa faible teneur en sucre et sa richesse en potassium.<\/p>\n<p>En cuisine, la pomme Granny combine plusieurs avantages, \u00e0 commencer par sa couleur inimitable, son parfum de bonbon et son go\u00fbt acidul\u00e9. Bien qu\u2019on puisse simplement la croquer crue \u00e0 l\u2019heure du go\u00fbter, elle peut aussi servir \u00e0 r\u00e9aliser de d\u00e9licieux plats. En dessert, elle peut \u00eatre int\u00e9gr\u00e9e aux recettes de salades de fruits frais, de sorbets, de compotes, elle peut aussi servir \u00e0 la r\u00e9alisation de crumbles, de tartes, de g\u00e2teaux et autres cakes fruit\u00e9s. \u00c0 l\u2019heure du go\u00fbter, elle pourra \u00eatre d\u00e9gust\u00e9e en tranches et tremp\u00e9e dans du fromage blanc ou du beurre de cacahu\u00e8tes, un vrai r\u00e9gal ! Gr\u00e2ce \u00e0 sa faible teneur en sucre, elle se pr\u00eate particuli\u00e8rement bien aux associations sucr\u00e9es sal\u00e9es. On peut, par exemple, la glisser crue dans les recettes de salades compos\u00e9es \u00e0 base de noix, de ch\u00e8vre ou encore d\u2019endives. En compot\u00e9e ou en chutney, elle sera id\u00e9ale pour sublimer le foie gras ou accompagner les plateaux de fromages.<\/p>\n","protected":false},"excerpt":{"rendered":"<p>La pomme Granny est une vari\u00e9t\u00e9 de pomme acidul\u00e9e et croquante \u00e0 la peau vert vif. Pauvre en calories, la pomme Granny Smith n\u2019en est pas moins tr\u00e8s dense d\u2019un point de vue nutritionnel. Elle poss\u00e8de un fort pouvoir antioxydant et est une source particuli\u00e8rement int\u00e9ressante de fibres alimentaires. Il faut aussi souligner sa faible [&hellip;]<\/p>\n","protected":false},"featured_media":508,"comment_status":"open","ping_status":"closed","template":"","meta":[],"product_cat":[20],"product_tag":[],"class_list":["post-507","product","type-product","status-publish","has-post-thumbnail","hentry","product_cat-fruits"],"yoast_head":"<!-- This site is optimized with the Yoast SEO plugin v20.4 - https:\/\/yoast.com\/wordpress\/plugins\/seo\/ -->\n<title>Pomme Granny - Ti panier des hauts<\/title>\n<meta name=\"robots\" content=\"index, follow, max-snippet:-1, max-image-preview:large, max-video-preview:-1\" \/>\n<link rel=\"canonical\" href=\"https:\/\/tipanierdeshauts.re\/index.php\/product\/pomme-granny\/\" \/>\n<meta property=\"og:locale\" content=\"fr_FR\" \/>\n<meta property=\"og:type\" content=\"article\" \/>\n<meta property=\"og:title\" content=\"Pomme Granny - Ti panier des hauts\" \/>\n<meta property=\"og:description\" content=\"La pomme Granny est une vari\u00e9t\u00e9 de pomme acidul\u00e9e et croquante \u00e0 la peau vert vif. Pauvre en calories, la pomme Granny Smith n\u2019en est pas moins tr\u00e8s dense d\u2019un point de vue nutritionnel. Elle poss\u00e8de un fort pouvoir antioxydant et est une source particuli\u00e8rement int\u00e9ressante de fibres alimentaires. Il faut aussi souligner sa faible [&hellip;]\" \/>\n<meta property=\"og:url\" content=\"https:\/\/tipanierdeshauts.re\/index.php\/product\/pomme-granny\/\" \/>\n<meta property=\"og:site_name\" content=\"Ti panier des hauts\" \/>\n<meta property=\"article:modified_time\" content=\"2024-02-22T10:52:42+00:00\" \/>\n<meta property=\"og:image\" content=\"https:\/\/tipanierdeshauts.re\/wp-content\/uploads\/2023\/03\/organic-apple-2022-12-16-10-00-03-utc-scaled.jpg\" \/>\n\t<meta property=\"og:image:width\" content=\"2560\" \/>\n\t<meta property=\"og:image:height\" content=\"1707\" \/>\n\t<meta property=\"og:image:type\" content=\"image\/jpeg\" \/>\n<meta name=\"twitter:card\" content=\"summary_large_image\" \/>\n<meta name=\"twitter:label1\" content=\"Dur\u00e9e de lecture estim\u00e9e\" \/>\n\t<meta name=\"twitter:data1\" content=\"2 minutes\" \/>\n<script type=\"application\/ld+json\" class=\"yoast-schema-graph\">{\"@context\":\"https:\/\/schema.org\",\"@graph\":[{\"@type\":\"WebPage\",\"@id\":\"https:\/\/tipanierdeshauts.re\/index.php\/product\/pomme-granny\/\",\"url\":\"https:\/\/tipanierdeshauts.re\/index.php\/product\/pomme-granny\/\",\"name\":\"Pomme Granny - Ti panier des hauts\",\"isPartOf\":{\"@id\":\"https:\/\/tipanierdeshauts.re\/#website\"},\"datePublished\":\"2023-03-14T09:30:13+00:00\",\"dateModified\":\"2024-02-22T10:52:42+00:00\",\"breadcrumb\":{\"@id\":\"https:\/\/tipanierdeshauts.re\/index.php\/product\/pomme-granny\/#breadcrumb\"},\"inLanguage\":\"fr-FR\",\"potentialAction\":[{\"@type\":\"ReadAction\",\"target\":[\"https:\/\/tipanierdeshauts.re\/index.php\/product\/pomme-granny\/\"]}]},{\"@type\":\"BreadcrumbList\",\"@id\":\"https:\/\/tipanierdeshauts.re\/index.php\/product\/pomme-granny\/#breadcrumb\",\"itemListElement\":[{\"@type\":\"ListItem\",\"position\":1,\"name\":\"Accueil\",\"item\":\"https:\/\/tipanierdeshauts.re\/\"},{\"@type\":\"ListItem\",\"position\":2,\"name\":\"Products\",\"item\":\"https:\/\/tipanierdeshauts.re\/index.php\/shop\/\"},{\"@type\":\"ListItem\",\"position\":3,\"name\":\"Pomme Granny\"}]},{\"@type\":\"WebSite\",\"@id\":\"https:\/\/tipanierdeshauts.re\/#website\",\"url\":\"https:\/\/tipanierdeshauts.re\/\",\"name\":\"Ti panier des hauts\",\"description\":\"Fruits, L\u00e9gumes frais et charcuterie\",\"publisher\":{\"@id\":\"https:\/\/tipanierdeshauts.re\/#organization\"},\"potentialAction\":[{\"@type\":\"SearchAction\",\"target\":{\"@type\":\"EntryPoint\",\"urlTemplate\":\"https:\/\/tipanierdeshauts.re\/?s={search_term_string}\"},\"query-input\":\"required name=search_term_string\"}],\"inLanguage\":\"fr-FR\"},{\"@type\":\"Organization\",\"@id\":\"https:\/\/tipanierdeshauts.re\/#organization\",\"name\":\"Ti panier des hauts\",\"url\":\"https:\/\/tipanierdeshauts.re\/\",\"logo\":{\"@type\":\"ImageObject\",\"inLanguage\":\"fr-FR\",\"@id\":\"https:\/\/tipanierdeshauts.re\/#\/schema\/logo\/image\/\",\"url\":\"https:\/\/tipanierdeshauts.re\/wp-content\/uploads\/2023\/03\/Ti-panier-des-hauts-logo-1.png\",\"contentUrl\":\"https:\/\/tipanierdeshauts.re\/wp-content\/uploads\/2023\/03\/Ti-panier-des-hauts-logo-1.png\",\"width\":1834,\"height\":962,\"caption\":\"Ti panier des hauts\"},\"image\":{\"@id\":\"https:\/\/tipanierdeshauts.re\/#\/schema\/logo\/image\/\"}}]}<\/script>\n<!-- \/ Yoast SEO plugin. -->","yoast_head_json":{"title":"Pomme Granny - Ti panier des hauts","robots":{"index":"index","follow":"follow","max-snippet":"max-snippet:-1","max-image-preview":"max-image-preview:large","max-video-preview":"max-video-preview:-1"},"canonical":"https:\/\/tipanierdeshauts.re\/index.php\/product\/pomme-granny\/","og_locale":"fr_FR","og_type":"article","og_title":"Pomme Granny - Ti panier des hauts","og_description":"La pomme Granny est une vari\u00e9t\u00e9 de pomme acidul\u00e9e et croquante \u00e0 la peau vert vif. Pauvre en calories, la pomme Granny Smith n\u2019en est pas moins tr\u00e8s dense d\u2019un point de vue nutritionnel. Elle poss\u00e8de un fort pouvoir antioxydant et est une source particuli\u00e8rement int\u00e9ressante de fibres alimentaires. Il faut aussi souligner sa faible [&hellip;]","og_url":"https:\/\/tipanierdeshauts.re\/index.php\/product\/pomme-granny\/","og_site_name":"Ti panier des hauts","article_modified_time":"2024-02-22T10:52:42+00:00","og_image":[{"width":2560,"height":1707,"url":"https:\/\/tipanierdeshauts.re\/wp-content\/uploads\/2023\/03\/organic-apple-2022-12-16-10-00-03-utc-scaled.jpg","type":"image\/jpeg"}],"twitter_card":"summary_large_image","twitter_misc":{"Dur\u00e9e de lecture estim\u00e9e":"2 minutes"},"schema":{"@context":"https:\/\/schema.org","@graph":[{"@type":"WebPage","@id":"https:\/\/tipanierdeshauts.re\/index.php\/product\/pomme-granny\/","url":"https:\/\/tipanierdeshauts.re\/index.php\/product\/pomme-granny\/","name":"Pomme Granny - Ti panier des hauts","isPartOf":{"@id":"https:\/\/tipanierdeshauts.re\/#website"},"datePublished":"2023-03-14T09:30:13+00:00","dateModified":"2024-02-22T10:52:42+00:00","breadcrumb":{"@id":"https:\/\/tipanierdeshauts.re\/index.php\/product\/pomme-granny\/#breadcrumb"},"inLanguage":"fr-FR","potentialAction":[{"@type":"ReadAction","target":["https:\/\/tipanierdeshauts.re\/index.php\/product\/pomme-granny\/"]}]},{"@type":"BreadcrumbList","@id":"https:\/\/tipanierdeshauts.re\/index.php\/product\/pomme-granny\/#breadcrumb","itemListElement":[{"@type":"ListItem","position":1,"name":"Accueil","item":"https:\/\/tipanierdeshauts.re\/"},{"@type":"ListItem","position":2,"name":"Products","item":"https:\/\/tipanierdeshauts.re\/index.php\/shop\/"},{"@type":"ListItem","position":3,"name":"Pomme Granny"}]},{"@type":"WebSite","@id":"https:\/\/tipanierdeshauts.re\/#website","url":"https:\/\/tipanierdeshauts.re\/","name":"Ti panier des hauts","description":"Fruits, L\u00e9gumes frais et charcuterie","publisher":{"@id":"https:\/\/tipanierdeshauts.re\/#organization"},"potentialAction":[{"@type":"SearchAction","target":{"@type":"EntryPoint","urlTemplate":"https:\/\/tipanierdeshauts.re\/?s={search_term_string}"},"query-input":"required name=search_term_string"}],"inLanguage":"fr-FR"},{"@type":"Organization","@id":"https:\/\/tipanierdeshauts.re\/#organization","name":"Ti panier des hauts","url":"https:\/\/tipanierdeshauts.re\/","logo":{"@type":"ImageObject","inLanguage":"fr-FR","@id":"https:\/\/tipanierdeshauts.re\/#\/schema\/logo\/image\/","url":"https:\/\/tipanierdeshauts.re\/wp-content\/uploads\/2023\/03\/Ti-panier-des-hauts-logo-1.png","contentUrl":"https:\/\/tipanierdeshauts.re\/wp-content\/uploads\/2023\/03\/Ti-panier-des-hauts-logo-1.png","width":1834,"height":962,"caption":"Ti panier des hauts"},"image":{"@id":"https:\/\/tipanierdeshauts.re\/#\/schema\/logo\/image\/"}}]}},"_links":{"self":[{"href":"https:\/\/tipanierdeshauts.re\/index.php\/wp-json\/wp\/v2\/product\/507","targetHints":{"allow":["GET"]}}],"collection":[{"href":"https:\/\/tipanierdeshauts.re\/index.php\/wp-json\/wp\/v2\/product"}],"about":[{"href":"https:\/\/tipanierdeshauts.re\/index.php\/wp-json\/wp\/v2\/types\/product"}],"replies":[{"embeddable":true,"href":"https:\/\/tipanierdeshauts.re\/index.php\/wp-json\/wp\/v2\/comments?post=507"}],"version-history":[{"count":3,"href":"https:\/\/tipanierdeshauts.re\/index.php\/wp-json\/wp\/v2\/product\/507\/revisions"}],"predecessor-version":[{"id":1093,"href":"https:\/\/tipanierdeshauts.re\/index.php\/wp-json\/wp\/v2\/product\/507\/revisions\/1093"}],"wp:featuredmedia":[{"embeddable":true,"href":"https:\/\/tipanierdeshauts.re\/index.php\/wp-json\/wp\/v2\/media\/508"}],"wp:attachment":[{"href":"https:\/\/tipanierdeshauts.re\/index.php\/wp-json\/wp\/v2\/media?parent=507"}],"wp:term":[{"taxonomy":"product_cat","embeddable":true,"href":"https:\/\/tipanierdeshauts.re\/index.php\/wp-json\/wp\/v2\/product_cat?post=507"},{"taxonomy":"product_tag","embeddable":true,"href":"https:\/\/tipanierdeshauts.re\/index.php\/wp-json\/wp\/v2\/product_tag?post=507"}],"curies":[{"name":"wp","href":"https:\/\/api.w.org\/{rel}","templated":true}]}}