{"id":534,"date":"2023-03-14T23:15:11","date_gmt":"2023-03-14T19:15:11","guid":{"rendered":"http:\/\/tipanierdeshauts.re\/?post_type=product&#038;p=534"},"modified":"2024-02-22T14:49:17","modified_gmt":"2024-02-22T10:49:17","slug":"gingembre","status":"publish","type":"product","link":"https:\/\/tipanierdeshauts.re\/index.php\/product\/gingembre\/","title":{"rendered":"Gingembre"},"content":{"rendered":"<p>Vous souhaitez relever votre cuisine d&rsquo;une saveur unique ? Essayez le gingembre ! Cette racine a une saveur chaude et piquante qui donne de la profondeur aux plats sucr\u00e9s et sal\u00e9s. Le gingembre n&rsquo;est pas seulement d\u00e9licieux, il est \u00e9galement b\u00e9n\u00e9fique pour la sant\u00e9. Il peut faciliter la digestion, r\u00e9duire l&rsquo;inflammation et renforcer le syst\u00e8me immunitaire.<\/p>\n<p>Ajoutez du gingembre \u00e0 vos saut\u00e9s, vos soupes ou vos marinades pour leur donner une saveur d\u00e9licieuse et saine. Le gingembre se marie \u00e9galement tr\u00e8s bien avec les produits de boulangerie, comme le pain d&rsquo;\u00e9pices, ou comme compl\u00e9ment sant\u00e9 aux smoothies.<\/p>\n<p>D\u00e9couvrez d\u00e8s aujourd&rsquo;hui les bienfaits du gingembre dans votre cuisine. Achetez des racines de gingembre fra\u00eeches et commencez \u00e0 explorer de nouveaux horizons culinaires !<\/p>\n","protected":false},"excerpt":{"rendered":"<p>Vous souhaitez relever votre cuisine d&rsquo;une saveur unique ? Essayez le gingembre ! Cette racine a une saveur chaude et piquante qui donne de la profondeur aux plats sucr\u00e9s et sal\u00e9s. Le gingembre n&rsquo;est pas seulement d\u00e9licieux, il est \u00e9galement b\u00e9n\u00e9fique pour la sant\u00e9. Il peut faciliter la digestion, r\u00e9duire l&rsquo;inflammation et renforcer le syst\u00e8me [&hellip;]<\/p>\n","protected":false},"featured_media":535,"comment_status":"open","ping_status":"closed","template":"","meta":[],"product_cat":[26],"product_tag":[],"class_list":["post-534","product","type-product","status-publish","has-post-thumbnail","hentry","product_cat-aromate"],"yoast_head":"<!-- This site is optimized with the Yoast SEO plugin v20.4 - https:\/\/yoast.com\/wordpress\/plugins\/seo\/ -->\n<title>Gingembre - Ti panier des hauts<\/title>\n<meta name=\"robots\" content=\"index, follow, max-snippet:-1, max-image-preview:large, max-video-preview:-1\" \/>\n<link rel=\"canonical\" href=\"https:\/\/tipanierdeshauts.re\/index.php\/product\/gingembre\/\" \/>\n<meta property=\"og:locale\" content=\"fr_FR\" \/>\n<meta property=\"og:type\" content=\"article\" \/>\n<meta property=\"og:title\" content=\"Gingembre - Ti panier des hauts\" \/>\n<meta property=\"og:description\" content=\"Vous souhaitez relever votre cuisine d&rsquo;une saveur unique ? Essayez le gingembre ! Cette racine a une saveur chaude et piquante qui donne de la profondeur aux plats sucr\u00e9s et sal\u00e9s. Le gingembre n&rsquo;est pas seulement d\u00e9licieux, il est \u00e9galement b\u00e9n\u00e9fique pour la sant\u00e9. Il peut faciliter la digestion, r\u00e9duire l&rsquo;inflammation et renforcer le syst\u00e8me [&hellip;]\" \/>\n<meta property=\"og:url\" content=\"https:\/\/tipanierdeshauts.re\/index.php\/product\/gingembre\/\" \/>\n<meta property=\"og:site_name\" content=\"Ti panier des hauts\" \/>\n<meta property=\"article:modified_time\" content=\"2024-02-22T10:49:17+00:00\" \/>\n<meta property=\"og:image\" content=\"https:\/\/tipanierdeshauts.re\/wp-content\/uploads\/2023\/03\/ginger-2022-12-15-20-45-10-utc-scaled.jpg\" \/>\n\t<meta property=\"og:image:width\" content=\"2560\" \/>\n\t<meta property=\"og:image:height\" content=\"1707\" \/>\n\t<meta property=\"og:image:type\" content=\"image\/jpeg\" \/>\n<meta name=\"twitter:card\" content=\"summary_large_image\" \/>\n<meta name=\"twitter:label1\" content=\"Dur\u00e9e de lecture estim\u00e9e\" \/>\n\t<meta name=\"twitter:data1\" content=\"1 minute\" \/>\n<script type=\"application\/ld+json\" class=\"yoast-schema-graph\">{\"@context\":\"https:\/\/schema.org\",\"@graph\":[{\"@type\":\"WebPage\",\"@id\":\"https:\/\/tipanierdeshauts.re\/index.php\/product\/gingembre\/\",\"url\":\"https:\/\/tipanierdeshauts.re\/index.php\/product\/gingembre\/\",\"name\":\"Gingembre - Ti panier des hauts\",\"isPartOf\":{\"@id\":\"https:\/\/tipanierdeshauts.re\/#website\"},\"datePublished\":\"2023-03-14T19:15:11+00:00\",\"dateModified\":\"2024-02-22T10:49:17+00:00\",\"breadcrumb\":{\"@id\":\"https:\/\/tipanierdeshauts.re\/index.php\/product\/gingembre\/#breadcrumb\"},\"inLanguage\":\"fr-FR\",\"potentialAction\":[{\"@type\":\"ReadAction\",\"target\":[\"https:\/\/tipanierdeshauts.re\/index.php\/product\/gingembre\/\"]}]},{\"@type\":\"BreadcrumbList\",\"@id\":\"https:\/\/tipanierdeshauts.re\/index.php\/product\/gingembre\/#breadcrumb\",\"itemListElement\":[{\"@type\":\"ListItem\",\"position\":1,\"name\":\"Accueil\",\"item\":\"https:\/\/tipanierdeshauts.re\/\"},{\"@type\":\"ListItem\",\"position\":2,\"name\":\"Products\",\"item\":\"https:\/\/tipanierdeshauts.re\/index.php\/shop\/\"},{\"@type\":\"ListItem\",\"position\":3,\"name\":\"Gingembre\"}]},{\"@type\":\"WebSite\",\"@id\":\"https:\/\/tipanierdeshauts.re\/#website\",\"url\":\"https:\/\/tipanierdeshauts.re\/\",\"name\":\"Ti panier des hauts\",\"description\":\"Fruits, L\u00e9gumes frais et charcuterie\",\"publisher\":{\"@id\":\"https:\/\/tipanierdeshauts.re\/#organization\"},\"potentialAction\":[{\"@type\":\"SearchAction\",\"target\":{\"@type\":\"EntryPoint\",\"urlTemplate\":\"https:\/\/tipanierdeshauts.re\/?s={search_term_string}\"},\"query-input\":\"required name=search_term_string\"}],\"inLanguage\":\"fr-FR\"},{\"@type\":\"Organization\",\"@id\":\"https:\/\/tipanierdeshauts.re\/#organization\",\"name\":\"Ti panier des hauts\",\"url\":\"https:\/\/tipanierdeshauts.re\/\",\"logo\":{\"@type\":\"ImageObject\",\"inLanguage\":\"fr-FR\",\"@id\":\"https:\/\/tipanierdeshauts.re\/#\/schema\/logo\/image\/\",\"url\":\"https:\/\/tipanierdeshauts.re\/wp-content\/uploads\/2023\/03\/Ti-panier-des-hauts-logo-1.png\",\"contentUrl\":\"https:\/\/tipanierdeshauts.re\/wp-content\/uploads\/2023\/03\/Ti-panier-des-hauts-logo-1.png\",\"width\":1834,\"height\":962,\"caption\":\"Ti panier des hauts\"},\"image\":{\"@id\":\"https:\/\/tipanierdeshauts.re\/#\/schema\/logo\/image\/\"}}]}<\/script>\n<!-- \/ Yoast SEO plugin. -->","yoast_head_json":{"title":"Gingembre - Ti panier des hauts","robots":{"index":"index","follow":"follow","max-snippet":"max-snippet:-1","max-image-preview":"max-image-preview:large","max-video-preview":"max-video-preview:-1"},"canonical":"https:\/\/tipanierdeshauts.re\/index.php\/product\/gingembre\/","og_locale":"fr_FR","og_type":"article","og_title":"Gingembre - Ti panier des hauts","og_description":"Vous souhaitez relever votre cuisine d&rsquo;une saveur unique ? Essayez le gingembre ! Cette racine a une saveur chaude et piquante qui donne de la profondeur aux plats sucr\u00e9s et sal\u00e9s. Le gingembre n&rsquo;est pas seulement d\u00e9licieux, il est \u00e9galement b\u00e9n\u00e9fique pour la sant\u00e9. Il peut faciliter la digestion, r\u00e9duire l&rsquo;inflammation et renforcer le syst\u00e8me [&hellip;]","og_url":"https:\/\/tipanierdeshauts.re\/index.php\/product\/gingembre\/","og_site_name":"Ti panier des hauts","article_modified_time":"2024-02-22T10:49:17+00:00","og_image":[{"width":2560,"height":1707,"url":"https:\/\/tipanierdeshauts.re\/wp-content\/uploads\/2023\/03\/ginger-2022-12-15-20-45-10-utc-scaled.jpg","type":"image\/jpeg"}],"twitter_card":"summary_large_image","twitter_misc":{"Dur\u00e9e de lecture estim\u00e9e":"1 minute"},"schema":{"@context":"https:\/\/schema.org","@graph":[{"@type":"WebPage","@id":"https:\/\/tipanierdeshauts.re\/index.php\/product\/gingembre\/","url":"https:\/\/tipanierdeshauts.re\/index.php\/product\/gingembre\/","name":"Gingembre - Ti panier des hauts","isPartOf":{"@id":"https:\/\/tipanierdeshauts.re\/#website"},"datePublished":"2023-03-14T19:15:11+00:00","dateModified":"2024-02-22T10:49:17+00:00","breadcrumb":{"@id":"https:\/\/tipanierdeshauts.re\/index.php\/product\/gingembre\/#breadcrumb"},"inLanguage":"fr-FR","potentialAction":[{"@type":"ReadAction","target":["https:\/\/tipanierdeshauts.re\/index.php\/product\/gingembre\/"]}]},{"@type":"BreadcrumbList","@id":"https:\/\/tipanierdeshauts.re\/index.php\/product\/gingembre\/#breadcrumb","itemListElement":[{"@type":"ListItem","position":1,"name":"Accueil","item":"https:\/\/tipanierdeshauts.re\/"},{"@type":"ListItem","position":2,"name":"Products","item":"https:\/\/tipanierdeshauts.re\/index.php\/shop\/"},{"@type":"ListItem","position":3,"name":"Gingembre"}]},{"@type":"WebSite","@id":"https:\/\/tipanierdeshauts.re\/#website","url":"https:\/\/tipanierdeshauts.re\/","name":"Ti panier des hauts","description":"Fruits, L\u00e9gumes frais et charcuterie","publisher":{"@id":"https:\/\/tipanierdeshauts.re\/#organization"},"potentialAction":[{"@type":"SearchAction","target":{"@type":"EntryPoint","urlTemplate":"https:\/\/tipanierdeshauts.re\/?s={search_term_string}"},"query-input":"required name=search_term_string"}],"inLanguage":"fr-FR"},{"@type":"Organization","@id":"https:\/\/tipanierdeshauts.re\/#organization","name":"Ti panier des hauts","url":"https:\/\/tipanierdeshauts.re\/","logo":{"@type":"ImageObject","inLanguage":"fr-FR","@id":"https:\/\/tipanierdeshauts.re\/#\/schema\/logo\/image\/","url":"https:\/\/tipanierdeshauts.re\/wp-content\/uploads\/2023\/03\/Ti-panier-des-hauts-logo-1.png","contentUrl":"https:\/\/tipanierdeshauts.re\/wp-content\/uploads\/2023\/03\/Ti-panier-des-hauts-logo-1.png","width":1834,"height":962,"caption":"Ti panier des hauts"},"image":{"@id":"https:\/\/tipanierdeshauts.re\/#\/schema\/logo\/image\/"}}]}},"_links":{"self":[{"href":"https:\/\/tipanierdeshauts.re\/index.php\/wp-json\/wp\/v2\/product\/534","targetHints":{"allow":["GET"]}}],"collection":[{"href":"https:\/\/tipanierdeshauts.re\/index.php\/wp-json\/wp\/v2\/product"}],"about":[{"href":"https:\/\/tipanierdeshauts.re\/index.php\/wp-json\/wp\/v2\/types\/product"}],"replies":[{"embeddable":true,"href":"https:\/\/tipanierdeshauts.re\/index.php\/wp-json\/wp\/v2\/comments?post=534"}],"version-history":[{"count":4,"href":"https:\/\/tipanierdeshauts.re\/index.php\/wp-json\/wp\/v2\/product\/534\/revisions"}],"predecessor-version":[{"id":1109,"href":"https:\/\/tipanierdeshauts.re\/index.php\/wp-json\/wp\/v2\/product\/534\/revisions\/1109"}],"wp:featuredmedia":[{"embeddable":true,"href":"https:\/\/tipanierdeshauts.re\/index.php\/wp-json\/wp\/v2\/media\/535"}],"wp:attachment":[{"href":"https:\/\/tipanierdeshauts.re\/index.php\/wp-json\/wp\/v2\/media?parent=534"}],"wp:term":[{"taxonomy":"product_cat","embeddable":true,"href":"https:\/\/tipanierdeshauts.re\/index.php\/wp-json\/wp\/v2\/product_cat?post=534"},{"taxonomy":"product_tag","embeddable":true,"href":"https:\/\/tipanierdeshauts.re\/index.php\/wp-json\/wp\/v2\/product_tag?post=534"}],"curies":[{"name":"wp","href":"https:\/\/api.w.org\/{rel}","templated":true}]}}