{"id":948,"date":"2023-05-17T16:32:52","date_gmt":"2023-05-17T12:32:52","guid":{"rendered":"http:\/\/tipanierdeshauts.re\/?post_type=product&#038;p=948"},"modified":"2024-02-22T14:42:54","modified_gmt":"2024-02-22T10:42:54","slug":"tomate-noire-de-crimee","status":"publish","type":"product","link":"https:\/\/tipanierdeshauts.re\/index.php\/product\/tomate-noire-de-crimee\/","title":{"rendered":"Tomate Noire de Crim\u00e9e"},"content":{"rendered":"<p>La tomate Noire de Crim\u00e9e est une ancienne vari\u00e9t\u00e9 de tomates,\u00a0 elle offre des fruits ronds, rouge-brun avec tr\u00e8s peu de graines. Le fruit charnu de la tomate noire de Crim\u00e9e et sa saveur l\u00e9g\u00e8rement sucr\u00e9e en font un excellent candidat pour vos salades.\u00a0 La couleur fonc\u00e9e de sa chair apportera d\u2019ailleurs un l\u00e9ger contraste avec les autres l\u00e9gumes et \u00e9gayera vos assiettes.<\/p>\n","protected":false},"excerpt":{"rendered":"<p>La tomate Noire de Crim\u00e9e est une ancienne vari\u00e9t\u00e9 de tomates,\u00a0 elle offre des fruits ronds, rouge-brun avec tr\u00e8s peu de graines. Le fruit charnu de la tomate noire de Crim\u00e9e et sa saveur l\u00e9g\u00e8rement sucr\u00e9e en font un excellent candidat pour vos salades.\u00a0 La couleur fonc\u00e9e de sa chair apportera d\u2019ailleurs un l\u00e9ger contraste [&hellip;]<\/p>\n","protected":false},"featured_media":0,"comment_status":"open","ping_status":"closed","template":"","meta":[],"product_cat":[20,19],"product_tag":[],"class_list":["post-948","product","type-product","status-publish","hentry","product_cat-fruits","product_cat-legumes"],"yoast_head":"<!-- This site is optimized with the Yoast SEO plugin v20.4 - https:\/\/yoast.com\/wordpress\/plugins\/seo\/ -->\n<title>Tomate Noire de Crim\u00e9e - Ti panier des hauts<\/title>\n<meta name=\"robots\" content=\"index, follow, max-snippet:-1, max-image-preview:large, max-video-preview:-1\" \/>\n<link rel=\"canonical\" href=\"https:\/\/tipanierdeshauts.re\/index.php\/product\/tomate-noire-de-crimee\/\" \/>\n<meta property=\"og:locale\" content=\"fr_FR\" \/>\n<meta property=\"og:type\" content=\"article\" \/>\n<meta property=\"og:title\" content=\"Tomate Noire de Crim\u00e9e - Ti panier des hauts\" \/>\n<meta property=\"og:description\" content=\"La tomate Noire de Crim\u00e9e est une ancienne vari\u00e9t\u00e9 de tomates,\u00a0 elle offre des fruits ronds, rouge-brun avec tr\u00e8s peu de graines. Le fruit charnu de la tomate noire de Crim\u00e9e et sa saveur l\u00e9g\u00e8rement sucr\u00e9e en font un excellent candidat pour vos salades.\u00a0 La couleur fonc\u00e9e de sa chair apportera d\u2019ailleurs un l\u00e9ger contraste [&hellip;]\" \/>\n<meta property=\"og:url\" content=\"https:\/\/tipanierdeshauts.re\/index.php\/product\/tomate-noire-de-crimee\/\" \/>\n<meta property=\"og:site_name\" content=\"Ti panier des hauts\" \/>\n<meta property=\"article:modified_time\" content=\"2024-02-22T10:42:54+00:00\" \/>\n<meta name=\"twitter:card\" content=\"summary_large_image\" \/>\n<meta name=\"twitter:label1\" content=\"Dur\u00e9e de lecture estim\u00e9e\" \/>\n\t<meta name=\"twitter:data1\" content=\"1 minute\" \/>\n<script type=\"application\/ld+json\" class=\"yoast-schema-graph\">{\"@context\":\"https:\/\/schema.org\",\"@graph\":[{\"@type\":\"WebPage\",\"@id\":\"https:\/\/tipanierdeshauts.re\/index.php\/product\/tomate-noire-de-crimee\/\",\"url\":\"https:\/\/tipanierdeshauts.re\/index.php\/product\/tomate-noire-de-crimee\/\",\"name\":\"Tomate Noire de Crim\u00e9e - Ti panier des hauts\",\"isPartOf\":{\"@id\":\"https:\/\/tipanierdeshauts.re\/#website\"},\"datePublished\":\"2023-05-17T12:32:52+00:00\",\"dateModified\":\"2024-02-22T10:42:54+00:00\",\"breadcrumb\":{\"@id\":\"https:\/\/tipanierdeshauts.re\/index.php\/product\/tomate-noire-de-crimee\/#breadcrumb\"},\"inLanguage\":\"fr-FR\",\"potentialAction\":[{\"@type\":\"ReadAction\",\"target\":[\"https:\/\/tipanierdeshauts.re\/index.php\/product\/tomate-noire-de-crimee\/\"]}]},{\"@type\":\"BreadcrumbList\",\"@id\":\"https:\/\/tipanierdeshauts.re\/index.php\/product\/tomate-noire-de-crimee\/#breadcrumb\",\"itemListElement\":[{\"@type\":\"ListItem\",\"position\":1,\"name\":\"Accueil\",\"item\":\"https:\/\/tipanierdeshauts.re\/\"},{\"@type\":\"ListItem\",\"position\":2,\"name\":\"Products\",\"item\":\"https:\/\/tipanierdeshauts.re\/index.php\/shop\/\"},{\"@type\":\"ListItem\",\"position\":3,\"name\":\"Tomate Noire de Crim\u00e9e\"}]},{\"@type\":\"WebSite\",\"@id\":\"https:\/\/tipanierdeshauts.re\/#website\",\"url\":\"https:\/\/tipanierdeshauts.re\/\",\"name\":\"Ti panier des hauts\",\"description\":\"Fruits, L\u00e9gumes frais et charcuterie\",\"publisher\":{\"@id\":\"https:\/\/tipanierdeshauts.re\/#organization\"},\"potentialAction\":[{\"@type\":\"SearchAction\",\"target\":{\"@type\":\"EntryPoint\",\"urlTemplate\":\"https:\/\/tipanierdeshauts.re\/?s={search_term_string}\"},\"query-input\":\"required name=search_term_string\"}],\"inLanguage\":\"fr-FR\"},{\"@type\":\"Organization\",\"@id\":\"https:\/\/tipanierdeshauts.re\/#organization\",\"name\":\"Ti panier des hauts\",\"url\":\"https:\/\/tipanierdeshauts.re\/\",\"logo\":{\"@type\":\"ImageObject\",\"inLanguage\":\"fr-FR\",\"@id\":\"https:\/\/tipanierdeshauts.re\/#\/schema\/logo\/image\/\",\"url\":\"https:\/\/tipanierdeshauts.re\/wp-content\/uploads\/2023\/03\/Ti-panier-des-hauts-logo-1.png\",\"contentUrl\":\"https:\/\/tipanierdeshauts.re\/wp-content\/uploads\/2023\/03\/Ti-panier-des-hauts-logo-1.png\",\"width\":1834,\"height\":962,\"caption\":\"Ti panier des hauts\"},\"image\":{\"@id\":\"https:\/\/tipanierdeshauts.re\/#\/schema\/logo\/image\/\"}}]}<\/script>\n<!-- \/ Yoast SEO plugin. -->","yoast_head_json":{"title":"Tomate Noire de Crim\u00e9e - Ti panier des hauts","robots":{"index":"index","follow":"follow","max-snippet":"max-snippet:-1","max-image-preview":"max-image-preview:large","max-video-preview":"max-video-preview:-1"},"canonical":"https:\/\/tipanierdeshauts.re\/index.php\/product\/tomate-noire-de-crimee\/","og_locale":"fr_FR","og_type":"article","og_title":"Tomate Noire de Crim\u00e9e - Ti panier des hauts","og_description":"La tomate Noire de Crim\u00e9e est une ancienne vari\u00e9t\u00e9 de tomates,\u00a0 elle offre des fruits ronds, rouge-brun avec tr\u00e8s peu de graines. Le fruit charnu de la tomate noire de Crim\u00e9e et sa saveur l\u00e9g\u00e8rement sucr\u00e9e en font un excellent candidat pour vos salades.\u00a0 La couleur fonc\u00e9e de sa chair apportera d\u2019ailleurs un l\u00e9ger contraste [&hellip;]","og_url":"https:\/\/tipanierdeshauts.re\/index.php\/product\/tomate-noire-de-crimee\/","og_site_name":"Ti panier des hauts","article_modified_time":"2024-02-22T10:42:54+00:00","twitter_card":"summary_large_image","twitter_misc":{"Dur\u00e9e de lecture estim\u00e9e":"1 minute"},"schema":{"@context":"https:\/\/schema.org","@graph":[{"@type":"WebPage","@id":"https:\/\/tipanierdeshauts.re\/index.php\/product\/tomate-noire-de-crimee\/","url":"https:\/\/tipanierdeshauts.re\/index.php\/product\/tomate-noire-de-crimee\/","name":"Tomate Noire de Crim\u00e9e - Ti panier des hauts","isPartOf":{"@id":"https:\/\/tipanierdeshauts.re\/#website"},"datePublished":"2023-05-17T12:32:52+00:00","dateModified":"2024-02-22T10:42:54+00:00","breadcrumb":{"@id":"https:\/\/tipanierdeshauts.re\/index.php\/product\/tomate-noire-de-crimee\/#breadcrumb"},"inLanguage":"fr-FR","potentialAction":[{"@type":"ReadAction","target":["https:\/\/tipanierdeshauts.re\/index.php\/product\/tomate-noire-de-crimee\/"]}]},{"@type":"BreadcrumbList","@id":"https:\/\/tipanierdeshauts.re\/index.php\/product\/tomate-noire-de-crimee\/#breadcrumb","itemListElement":[{"@type":"ListItem","position":1,"name":"Accueil","item":"https:\/\/tipanierdeshauts.re\/"},{"@type":"ListItem","position":2,"name":"Products","item":"https:\/\/tipanierdeshauts.re\/index.php\/shop\/"},{"@type":"ListItem","position":3,"name":"Tomate Noire de Crim\u00e9e"}]},{"@type":"WebSite","@id":"https:\/\/tipanierdeshauts.re\/#website","url":"https:\/\/tipanierdeshauts.re\/","name":"Ti panier des hauts","description":"Fruits, L\u00e9gumes frais et charcuterie","publisher":{"@id":"https:\/\/tipanierdeshauts.re\/#organization"},"potentialAction":[{"@type":"SearchAction","target":{"@type":"EntryPoint","urlTemplate":"https:\/\/tipanierdeshauts.re\/?s={search_term_string}"},"query-input":"required name=search_term_string"}],"inLanguage":"fr-FR"},{"@type":"Organization","@id":"https:\/\/tipanierdeshauts.re\/#organization","name":"Ti panier des hauts","url":"https:\/\/tipanierdeshauts.re\/","logo":{"@type":"ImageObject","inLanguage":"fr-FR","@id":"https:\/\/tipanierdeshauts.re\/#\/schema\/logo\/image\/","url":"https:\/\/tipanierdeshauts.re\/wp-content\/uploads\/2023\/03\/Ti-panier-des-hauts-logo-1.png","contentUrl":"https:\/\/tipanierdeshauts.re\/wp-content\/uploads\/2023\/03\/Ti-panier-des-hauts-logo-1.png","width":1834,"height":962,"caption":"Ti panier des hauts"},"image":{"@id":"https:\/\/tipanierdeshauts.re\/#\/schema\/logo\/image\/"}}]}},"_links":{"self":[{"href":"https:\/\/tipanierdeshauts.re\/index.php\/wp-json\/wp\/v2\/product\/948","targetHints":{"allow":["GET"]}}],"collection":[{"href":"https:\/\/tipanierdeshauts.re\/index.php\/wp-json\/wp\/v2\/product"}],"about":[{"href":"https:\/\/tipanierdeshauts.re\/index.php\/wp-json\/wp\/v2\/types\/product"}],"replies":[{"embeddable":true,"href":"https:\/\/tipanierdeshauts.re\/index.php\/wp-json\/wp\/v2\/comments?post=948"}],"version-history":[{"count":4,"href":"https:\/\/tipanierdeshauts.re\/index.php\/wp-json\/wp\/v2\/product\/948\/revisions"}],"predecessor-version":[{"id":1150,"href":"https:\/\/tipanierdeshauts.re\/index.php\/wp-json\/wp\/v2\/product\/948\/revisions\/1150"}],"wp:attachment":[{"href":"https:\/\/tipanierdeshauts.re\/index.php\/wp-json\/wp\/v2\/media?parent=948"}],"wp:term":[{"taxonomy":"product_cat","embeddable":true,"href":"https:\/\/tipanierdeshauts.re\/index.php\/wp-json\/wp\/v2\/product_cat?post=948"},{"taxonomy":"product_tag","embeddable":true,"href":"https:\/\/tipanierdeshauts.re\/index.php\/wp-json\/wp\/v2\/product_tag?post=948"}],"curies":[{"name":"wp","href":"https:\/\/api.w.org\/{rel}","templated":true}]}}