{"id":964,"date":"2023-05-17T16:54:42","date_gmt":"2023-05-17T12:54:42","guid":{"rendered":"http:\/\/tipanierdeshauts.re\/?post_type=product&#038;p=964"},"modified":"2024-02-22T14:40:43","modified_gmt":"2024-02-22T10:40:43","slug":"poire","status":"publish","type":"product","link":"https:\/\/tipanierdeshauts.re\/index.php\/product\/poire\/","title":{"rendered":"Poire"},"content":{"rendered":"<p>Bien qu\u2019elle soit souvent consid\u00e9r\u00e9e comme un fruit commun, la poire n\u2019en a pas moins de nombreux atouts : elle est compos\u00e9e majoritairement d\u2019eau ce qui en fait un fruit tr\u00e8s d\u00e9salt\u00e9rant et constitue un v\u00e9ritable alli\u00e9 pour l&rsquo;hydratation naturelle du corps, elle est \u00e9galement compos\u00e9e de glucides et de fibres essentielles au bon fonctionnement du syst\u00e8me digestif. La poire contribue aussi \u00e0 favoriser la sati\u00e9t\u00e9 et apporte de l\u2019\u00e9nergie rapidement assimilable par l\u2019organisme.<\/p>\n<p>Gr\u00e2ce \u00e0 sa saveur sucr\u00e9e et unique, la poire apporte beaucoup aux recettes du quotidien. En version dessert, elle se marie \u00e0 merveille avec les autres fruits, l\u2019amande, la vanille ou encore le chocolat. En version sal\u00e9e, elle s\u2019accorde parfaitement avec les fromages de caract\u00e8re et peut aussi \u00eatre utilis\u00e9e pour r\u00e9aliser des salades originales ou pour accompagner une viande forte en go\u00fbt.<\/p>\n<p>&nbsp;<\/p>\n<div class=\"list-style block-text-wrapper p-r\">\n<p>&nbsp;<\/p>\n<\/div>\n<div class=\"list-style block-text-wrapper p-r\">\n<p>&nbsp;<\/p>\n<\/div>\n","protected":false},"excerpt":{"rendered":"<p>Bien qu\u2019elle soit souvent consid\u00e9r\u00e9e comme un fruit commun, la poire n\u2019en a pas moins de nombreux atouts : elle est compos\u00e9e majoritairement d\u2019eau ce qui en fait un fruit tr\u00e8s d\u00e9salt\u00e9rant et constitue un v\u00e9ritable alli\u00e9 pour l&rsquo;hydratation naturelle du corps, elle est \u00e9galement compos\u00e9e de glucides et de fibres essentielles au bon fonctionnement [&hellip;]<\/p>\n","protected":false},"featured_media":486,"comment_status":"open","ping_status":"closed","template":"","meta":[],"product_cat":[20],"product_tag":[],"class_list":["post-964","product","type-product","status-publish","has-post-thumbnail","hentry","product_cat-fruits"],"yoast_head":"<!-- This site is optimized with the Yoast SEO plugin v20.4 - https:\/\/yoast.com\/wordpress\/plugins\/seo\/ -->\n<title>Poire - Ti panier des hauts<\/title>\n<meta name=\"robots\" content=\"index, follow, max-snippet:-1, max-image-preview:large, max-video-preview:-1\" \/>\n<link rel=\"canonical\" href=\"https:\/\/tipanierdeshauts.re\/index.php\/product\/poire\/\" \/>\n<meta property=\"og:locale\" content=\"fr_FR\" \/>\n<meta property=\"og:type\" content=\"article\" \/>\n<meta property=\"og:title\" content=\"Poire - Ti panier des hauts\" \/>\n<meta property=\"og:description\" content=\"Bien qu\u2019elle soit souvent consid\u00e9r\u00e9e comme un fruit commun, la poire n\u2019en a pas moins de nombreux atouts : elle est compos\u00e9e majoritairement d\u2019eau ce qui en fait un fruit tr\u00e8s d\u00e9salt\u00e9rant et constitue un v\u00e9ritable alli\u00e9 pour l&rsquo;hydratation naturelle du corps, elle est \u00e9galement compos\u00e9e de glucides et de fibres essentielles au bon fonctionnement [&hellip;]\" \/>\n<meta property=\"og:url\" content=\"https:\/\/tipanierdeshauts.re\/index.php\/product\/poire\/\" \/>\n<meta property=\"og:site_name\" content=\"Ti panier des hauts\" \/>\n<meta property=\"article:modified_time\" content=\"2024-02-22T10:40:43+00:00\" \/>\n<meta property=\"og:image\" content=\"https:\/\/tipanierdeshauts.re\/wp-content\/uploads\/2023\/03\/poire-import-scaled.jpg\" \/>\n\t<meta property=\"og:image:width\" content=\"1920\" \/>\n\t<meta property=\"og:image:height\" content=\"2560\" \/>\n\t<meta property=\"og:image:type\" content=\"image\/jpeg\" \/>\n<meta name=\"twitter:card\" content=\"summary_large_image\" \/>\n<meta name=\"twitter:label1\" content=\"Dur\u00e9e de lecture estim\u00e9e\" \/>\n\t<meta name=\"twitter:data1\" content=\"1 minute\" \/>\n<script type=\"application\/ld+json\" class=\"yoast-schema-graph\">{\"@context\":\"https:\/\/schema.org\",\"@graph\":[{\"@type\":\"WebPage\",\"@id\":\"https:\/\/tipanierdeshauts.re\/index.php\/product\/poire\/\",\"url\":\"https:\/\/tipanierdeshauts.re\/index.php\/product\/poire\/\",\"name\":\"Poire - Ti panier des hauts\",\"isPartOf\":{\"@id\":\"https:\/\/tipanierdeshauts.re\/#website\"},\"datePublished\":\"2023-05-17T12:54:42+00:00\",\"dateModified\":\"2024-02-22T10:40:43+00:00\",\"breadcrumb\":{\"@id\":\"https:\/\/tipanierdeshauts.re\/index.php\/product\/poire\/#breadcrumb\"},\"inLanguage\":\"fr-FR\",\"potentialAction\":[{\"@type\":\"ReadAction\",\"target\":[\"https:\/\/tipanierdeshauts.re\/index.php\/product\/poire\/\"]}]},{\"@type\":\"BreadcrumbList\",\"@id\":\"https:\/\/tipanierdeshauts.re\/index.php\/product\/poire\/#breadcrumb\",\"itemListElement\":[{\"@type\":\"ListItem\",\"position\":1,\"name\":\"Accueil\",\"item\":\"https:\/\/tipanierdeshauts.re\/\"},{\"@type\":\"ListItem\",\"position\":2,\"name\":\"Products\",\"item\":\"https:\/\/tipanierdeshauts.re\/index.php\/shop\/\"},{\"@type\":\"ListItem\",\"position\":3,\"name\":\"Poire\"}]},{\"@type\":\"WebSite\",\"@id\":\"https:\/\/tipanierdeshauts.re\/#website\",\"url\":\"https:\/\/tipanierdeshauts.re\/\",\"name\":\"Ti panier des hauts\",\"description\":\"Fruits, L\u00e9gumes frais et charcuterie\",\"publisher\":{\"@id\":\"https:\/\/tipanierdeshauts.re\/#organization\"},\"potentialAction\":[{\"@type\":\"SearchAction\",\"target\":{\"@type\":\"EntryPoint\",\"urlTemplate\":\"https:\/\/tipanierdeshauts.re\/?s={search_term_string}\"},\"query-input\":\"required name=search_term_string\"}],\"inLanguage\":\"fr-FR\"},{\"@type\":\"Organization\",\"@id\":\"https:\/\/tipanierdeshauts.re\/#organization\",\"name\":\"Ti panier des hauts\",\"url\":\"https:\/\/tipanierdeshauts.re\/\",\"logo\":{\"@type\":\"ImageObject\",\"inLanguage\":\"fr-FR\",\"@id\":\"https:\/\/tipanierdeshauts.re\/#\/schema\/logo\/image\/\",\"url\":\"https:\/\/tipanierdeshauts.re\/wp-content\/uploads\/2023\/03\/Ti-panier-des-hauts-logo-1.png\",\"contentUrl\":\"https:\/\/tipanierdeshauts.re\/wp-content\/uploads\/2023\/03\/Ti-panier-des-hauts-logo-1.png\",\"width\":1834,\"height\":962,\"caption\":\"Ti panier des hauts\"},\"image\":{\"@id\":\"https:\/\/tipanierdeshauts.re\/#\/schema\/logo\/image\/\"}}]}<\/script>\n<!-- \/ Yoast SEO plugin. -->","yoast_head_json":{"title":"Poire - Ti panier des hauts","robots":{"index":"index","follow":"follow","max-snippet":"max-snippet:-1","max-image-preview":"max-image-preview:large","max-video-preview":"max-video-preview:-1"},"canonical":"https:\/\/tipanierdeshauts.re\/index.php\/product\/poire\/","og_locale":"fr_FR","og_type":"article","og_title":"Poire - Ti panier des hauts","og_description":"Bien qu\u2019elle soit souvent consid\u00e9r\u00e9e comme un fruit commun, la poire n\u2019en a pas moins de nombreux atouts : elle est compos\u00e9e majoritairement d\u2019eau ce qui en fait un fruit tr\u00e8s d\u00e9salt\u00e9rant et constitue un v\u00e9ritable alli\u00e9 pour l&rsquo;hydratation naturelle du corps, elle est \u00e9galement compos\u00e9e de glucides et de fibres essentielles au bon fonctionnement [&hellip;]","og_url":"https:\/\/tipanierdeshauts.re\/index.php\/product\/poire\/","og_site_name":"Ti panier des hauts","article_modified_time":"2024-02-22T10:40:43+00:00","og_image":[{"width":1920,"height":2560,"url":"https:\/\/tipanierdeshauts.re\/wp-content\/uploads\/2023\/03\/poire-import-scaled.jpg","type":"image\/jpeg"}],"twitter_card":"summary_large_image","twitter_misc":{"Dur\u00e9e de lecture estim\u00e9e":"1 minute"},"schema":{"@context":"https:\/\/schema.org","@graph":[{"@type":"WebPage","@id":"https:\/\/tipanierdeshauts.re\/index.php\/product\/poire\/","url":"https:\/\/tipanierdeshauts.re\/index.php\/product\/poire\/","name":"Poire - Ti panier des hauts","isPartOf":{"@id":"https:\/\/tipanierdeshauts.re\/#website"},"datePublished":"2023-05-17T12:54:42+00:00","dateModified":"2024-02-22T10:40:43+00:00","breadcrumb":{"@id":"https:\/\/tipanierdeshauts.re\/index.php\/product\/poire\/#breadcrumb"},"inLanguage":"fr-FR","potentialAction":[{"@type":"ReadAction","target":["https:\/\/tipanierdeshauts.re\/index.php\/product\/poire\/"]}]},{"@type":"BreadcrumbList","@id":"https:\/\/tipanierdeshauts.re\/index.php\/product\/poire\/#breadcrumb","itemListElement":[{"@type":"ListItem","position":1,"name":"Accueil","item":"https:\/\/tipanierdeshauts.re\/"},{"@type":"ListItem","position":2,"name":"Products","item":"https:\/\/tipanierdeshauts.re\/index.php\/shop\/"},{"@type":"ListItem","position":3,"name":"Poire"}]},{"@type":"WebSite","@id":"https:\/\/tipanierdeshauts.re\/#website","url":"https:\/\/tipanierdeshauts.re\/","name":"Ti panier des hauts","description":"Fruits, L\u00e9gumes frais et charcuterie","publisher":{"@id":"https:\/\/tipanierdeshauts.re\/#organization"},"potentialAction":[{"@type":"SearchAction","target":{"@type":"EntryPoint","urlTemplate":"https:\/\/tipanierdeshauts.re\/?s={search_term_string}"},"query-input":"required name=search_term_string"}],"inLanguage":"fr-FR"},{"@type":"Organization","@id":"https:\/\/tipanierdeshauts.re\/#organization","name":"Ti panier des hauts","url":"https:\/\/tipanierdeshauts.re\/","logo":{"@type":"ImageObject","inLanguage":"fr-FR","@id":"https:\/\/tipanierdeshauts.re\/#\/schema\/logo\/image\/","url":"https:\/\/tipanierdeshauts.re\/wp-content\/uploads\/2023\/03\/Ti-panier-des-hauts-logo-1.png","contentUrl":"https:\/\/tipanierdeshauts.re\/wp-content\/uploads\/2023\/03\/Ti-panier-des-hauts-logo-1.png","width":1834,"height":962,"caption":"Ti panier des hauts"},"image":{"@id":"https:\/\/tipanierdeshauts.re\/#\/schema\/logo\/image\/"}}]}},"_links":{"self":[{"href":"https:\/\/tipanierdeshauts.re\/index.php\/wp-json\/wp\/v2\/product\/964","targetHints":{"allow":["GET"]}}],"collection":[{"href":"https:\/\/tipanierdeshauts.re\/index.php\/wp-json\/wp\/v2\/product"}],"about":[{"href":"https:\/\/tipanierdeshauts.re\/index.php\/wp-json\/wp\/v2\/types\/product"}],"replies":[{"embeddable":true,"href":"https:\/\/tipanierdeshauts.re\/index.php\/wp-json\/wp\/v2\/comments?post=964"}],"version-history":[{"count":6,"href":"https:\/\/tipanierdeshauts.re\/index.php\/wp-json\/wp\/v2\/product\/964\/revisions"}],"predecessor-version":[{"id":1143,"href":"https:\/\/tipanierdeshauts.re\/index.php\/wp-json\/wp\/v2\/product\/964\/revisions\/1143"}],"wp:featuredmedia":[{"embeddable":true,"href":"https:\/\/tipanierdeshauts.re\/index.php\/wp-json\/wp\/v2\/media\/486"}],"wp:attachment":[{"href":"https:\/\/tipanierdeshauts.re\/index.php\/wp-json\/wp\/v2\/media?parent=964"}],"wp:term":[{"taxonomy":"product_cat","embeddable":true,"href":"https:\/\/tipanierdeshauts.re\/index.php\/wp-json\/wp\/v2\/product_cat?post=964"},{"taxonomy":"product_tag","embeddable":true,"href":"https:\/\/tipanierdeshauts.re\/index.php\/wp-json\/wp\/v2\/product_tag?post=964"}],"curies":[{"name":"wp","href":"https:\/\/api.w.org\/{rel}","templated":true}]}}